{"id":43,"date":"2024-10-17T16:03:30","date_gmt":"2024-10-17T19:03:30","guid":{"rendered":"http:\/\/www.ushgotdf.shop\/argentoboom\/?page_id=43"},"modified":"2024-10-20T11:47:26","modified_gmt":"2024-10-20T14:47:26","slug":"boom-belleza","status":"publish","type":"page","link":"https:\/\/www.ushgotdf.shop\/argentoboom\/boom-belleza\/","title":{"rendered":"Boom Belleza"},"content":{"rendered":"\n<p>Descubre nuestra selecci\u00f3n de productos de belleza que te ayudar\u00e1n a realzar tu estilo \u00fanico. Desde maquillaje hasta cuidado de la piel, encontrar\u00e1s todo lo que necesitas para verte y sentirte incre\u00edble.<\/p>\n\n\n\n<p><\/p>\n\n\n\n<div class=\"pt-cv-wrapper\"><div class=\"pt-cv-view pt-cv-grid pt-cv-colsys\" id=\"pt-cv-view-21ac77c4tv\"><div data-id=\"pt-cv-page-1\" class=\"pt-cv-page\" data-cvc=\"2\"><div class=\"col-md-6 col-sm-12 col-xs-12 pt-cv-content-item pt-cv-1-col\" ><div class='pt-cv-ifield'><a href=\"https:\/\/www.ushgotdf.shop\/argentoboom\/pack-de-32-colitas-cancheras\/\" class=\"_self pt-cv-href-thumbnail pt-cv-thumb-default\" target=\"_self\" ><img loading=\"lazy\" decoding=\"async\" width=\"300\" height=\"300\" src=\"https:\/\/www.ushgotdf.shop\/argentoboom\/wp-content\/uploads\/2024\/11\/colitas-1-300x300.png\" class=\"pt-cv-thumbnail\" alt=\"\" srcset=\"https:\/\/www.ushgotdf.shop\/argentoboom\/wp-content\/uploads\/2024\/11\/colitas-1-300x300.png 300w, https:\/\/www.ushgotdf.shop\/argentoboom\/wp-content\/uploads\/2024\/11\/colitas-1-150x150.png 150w, https:\/\/www.ushgotdf.shop\/argentoboom\/wp-content\/uploads\/2024\/11\/colitas-1-600x600.png 600w, https:\/\/www.ushgotdf.shop\/argentoboom\/wp-content\/uploads\/2024\/11\/colitas-1-100x100.png 100w, https:\/\/www.ushgotdf.shop\/argentoboom\/wp-content\/uploads\/2024\/11\/colitas-1.png 700w\" sizes=\"auto, (max-width: 300px) 100vw, 300px\" \/><\/a>\n<div class=\"pt-cv-taxoterm above_title\"><a href='https:\/\/www.ushgotdf.shop\/argentoboom\/category\/boombelleza2\/' title='Boom Belleza' class='pt-cv-tax-boombelleza2'>Boom Belleza<\/a><\/div>\n<h4 class=\"pt-cv-title\"><a href=\"https:\/\/www.ushgotdf.shop\/argentoboom\/pack-de-32-colitas-cancheras\/\" class=\"_self\" target=\"_self\" >Pack de 32 Colitas de Alta Elasticidad &#8211; Suaves y Resistentes para un Peinado Perfecto<\/a><\/h4>\n<div class=\"pt-cv-content\">La soluci\u00f3n perfecta para sujetar tu cabello con estilo y comodidad. Dise\u00f1adas con material de alta elasticidad y algod\u00f3n suave, ...<br \/><div class=\"pt-cv-rmwrap\"><a href=\"https:\/\/www.ushgotdf.shop\/argentoboom\/pack-de-32-colitas-cancheras\/\" class=\"_self pt-cv-readmore btn btn-success\" target=\"_self\">Leer M\u00e1s<\/a><\/div><\/div><\/div><\/div>\n<div class=\"col-md-6 col-sm-12 col-xs-12 pt-cv-content-item pt-cv-1-col\" ><div class='pt-cv-ifield'><a href=\"https:\/\/www.ushgotdf.shop\/argentoboom\/magico-blanqueador-dental\/\" class=\"_self pt-cv-href-thumbnail pt-cv-thumb-default\" target=\"_self\" ><img loading=\"lazy\" decoding=\"async\" width=\"300\" height=\"300\" src=\"https:\/\/www.ushgotdf.shop\/argentoboom\/wp-content\/uploads\/2024\/10\/blanqueador-dental-3-300x300.png\" class=\"pt-cv-thumbnail\" alt=\"\" srcset=\"https:\/\/www.ushgotdf.shop\/argentoboom\/wp-content\/uploads\/2024\/10\/blanqueador-dental-3-300x300.png 300w, https:\/\/www.ushgotdf.shop\/argentoboom\/wp-content\/uploads\/2024\/10\/blanqueador-dental-3-150x150.png 150w, https:\/\/www.ushgotdf.shop\/argentoboom\/wp-content\/uploads\/2024\/10\/blanqueador-dental-3-600x600.png 600w, https:\/\/www.ushgotdf.shop\/argentoboom\/wp-content\/uploads\/2024\/10\/blanqueador-dental-3-100x100.png 100w, https:\/\/www.ushgotdf.shop\/argentoboom\/wp-content\/uploads\/2024\/10\/blanqueador-dental-3.png 700w\" sizes=\"auto, (max-width: 300px) 100vw, 300px\" \/><\/a>\n<div class=\"pt-cv-taxoterm above_title\"><a href='https:\/\/www.ushgotdf.shop\/argentoboom\/category\/boombelleza2\/' title='Boom Belleza' class='pt-cv-tax-boombelleza2'>Boom Belleza<\/a><\/div>\n<h4 class=\"pt-cv-title\"><a href=\"https:\/\/www.ushgotdf.shop\/argentoboom\/magico-blanqueador-dental\/\" class=\"_self\" target=\"_self\" >M\u00e1gico Blanqueador Dental<\/a><\/h4>\n<div class=\"pt-cv-content\">M\u00e1gico Blanqueador Dental, el producto perfecto para obtener una sonrisa m\u00e1s blanca y brillante. Nuestro blanqueador dental ha sido dise\u00f1ado ...<br \/><div class=\"pt-cv-rmwrap\"><a href=\"https:\/\/www.ushgotdf.shop\/argentoboom\/magico-blanqueador-dental\/\" class=\"_self pt-cv-readmore btn btn-success\" target=\"_self\">Leer M\u00e1s<\/a><\/div><\/div><\/div><\/div><\/div><\/div><\/div>\n","protected":false},"excerpt":{"rendered":"<p>Descubre nuestra selecci\u00f3n de productos de belleza que te ayudar\u00e1n a realzar tu estilo \u00fanico. Desde maquillaje hasta cuidado de la piel, encontrar\u00e1s todo lo que necesitas para verte y sentirte incre\u00edble.<\/p>\n","protected":false},"author":1,"featured_media":110,"parent":0,"menu_order":0,"comment_status":"closed","ping_status":"closed","template":"","meta":{"_uag_custom_page_level_css":"","footnotes":""},"class_list":["post-43","page","type-page","status-publish","has-post-thumbnail","hentry"],"blocksy_meta":[],"yoast_head":"<!-- This site is optimized with the Yoast SEO plugin v27.5 - https:\/\/yoast.com\/product\/yoast-seo-wordpress\/ -->\n<title>Boom Belleza<\/title>\n<meta name=\"description\" content=\"Descubre nuestra selecci\u00f3n de productos de belleza que te ayudar\u00e1n a realzar tu estilo \u00fanico. Desde maquillaje hasta cuidado de la piel, encontrar\u00e1s todo\" \/>\n<meta name=\"robots\" content=\"index, follow, max-snippet:-1, max-image-preview:large, max-video-preview:-1\" \/>\n<link rel=\"canonical\" href=\"https:\/\/www.ushgotdf.shop\/argentoboom\/boom-belleza\/\" \/>\n<meta property=\"og:locale\" content=\"es_ES\" \/>\n<meta property=\"og:type\" content=\"article\" \/>\n<meta property=\"og:title\" content=\"Boom Belleza\" \/>\n<meta property=\"og:description\" content=\"Descubre nuestra selecci\u00f3n de productos de belleza que te ayudar\u00e1n a realzar tu estilo \u00fanico. Desde maquillaje hasta cuidado de la piel, encontrar\u00e1s todo\" \/>\n<meta property=\"og:url\" content=\"https:\/\/www.ushgotdf.shop\/argentoboom\/boom-belleza\/\" \/>\n<meta property=\"og:site_name\" content=\"ArgentoBoom\" \/>\n<meta property=\"article:modified_time\" content=\"2024-10-20T14:47:26+00:00\" \/>\n<meta property=\"og:image\" content=\"https:\/\/www.ushgotdf.shop\/argentoboom\/wp-content\/uploads\/2024\/10\/belleza.jpg\" \/>\n\t<meta property=\"og:image:width\" content=\"500\" \/>\n\t<meta property=\"og:image:height\" content=\"399\" \/>\n\t<meta property=\"og:image:type\" content=\"image\/jpeg\" \/>\n<meta name=\"twitter:card\" content=\"summary_large_image\" \/>\n<meta name=\"twitter:label1\" content=\"Tiempo de lectura\" \/>\n\t<meta name=\"twitter:data1\" content=\"1 minuto\" \/>\n<script type=\"application\/ld+json\" class=\"yoast-schema-graph\">{\"@context\":\"https:\\\/\\\/schema.org\",\"@graph\":[{\"@type\":\"WebPage\",\"@id\":\"https:\\\/\\\/www.ushgotdf.shop\\\/argentoboom\\\/boom-belleza\\\/\",\"url\":\"https:\\\/\\\/www.ushgotdf.shop\\\/argentoboom\\\/boom-belleza\\\/\",\"name\":\"Boom Belleza\",\"isPartOf\":{\"@id\":\"https:\\\/\\\/www.ushgotdf.shop\\\/argentoboom\\\/#website\"},\"primaryImageOfPage\":{\"@id\":\"https:\\\/\\\/www.ushgotdf.shop\\\/argentoboom\\\/boom-belleza\\\/#primaryimage\"},\"image\":{\"@id\":\"https:\\\/\\\/www.ushgotdf.shop\\\/argentoboom\\\/boom-belleza\\\/#primaryimage\"},\"thumbnailUrl\":\"https:\\\/\\\/www.ushgotdf.shop\\\/argentoboom\\\/wp-content\\\/uploads\\\/2024\\\/10\\\/belleza.jpg\",\"datePublished\":\"2024-10-17T19:03:30+00:00\",\"dateModified\":\"2024-10-20T14:47:26+00:00\",\"description\":\"Descubre nuestra selecci\u00f3n de productos de belleza que te ayudar\u00e1n a realzar tu estilo \u00fanico. Desde maquillaje hasta cuidado de la piel, encontrar\u00e1s todo\",\"breadcrumb\":{\"@id\":\"https:\\\/\\\/www.ushgotdf.shop\\\/argentoboom\\\/boom-belleza\\\/#breadcrumb\"},\"inLanguage\":\"es\",\"potentialAction\":[{\"@type\":\"ReadAction\",\"target\":[\"https:\\\/\\\/www.ushgotdf.shop\\\/argentoboom\\\/boom-belleza\\\/\"]}]},{\"@type\":\"ImageObject\",\"inLanguage\":\"es\",\"@id\":\"https:\\\/\\\/www.ushgotdf.shop\\\/argentoboom\\\/boom-belleza\\\/#primaryimage\",\"url\":\"https:\\\/\\\/www.ushgotdf.shop\\\/argentoboom\\\/wp-content\\\/uploads\\\/2024\\\/10\\\/belleza.jpg\",\"contentUrl\":\"https:\\\/\\\/www.ushgotdf.shop\\\/argentoboom\\\/wp-content\\\/uploads\\\/2024\\\/10\\\/belleza.jpg\",\"width\":500,\"height\":399},{\"@type\":\"BreadcrumbList\",\"@id\":\"https:\\\/\\\/www.ushgotdf.shop\\\/argentoboom\\\/boom-belleza\\\/#breadcrumb\",\"itemListElement\":[{\"@type\":\"ListItem\",\"position\":1,\"name\":\"Portada\",\"item\":\"https:\\\/\\\/www.ushgotdf.shop\\\/argentoboom\\\/\"},{\"@type\":\"ListItem\",\"position\":2,\"name\":\"Boom Belleza\"}]},{\"@type\":\"WebSite\",\"@id\":\"https:\\\/\\\/www.ushgotdf.shop\\\/argentoboom\\\/#website\",\"url\":\"https:\\\/\\\/www.ushgotdf.shop\\\/argentoboom\\\/\",\"name\":\"ArgentoBoom\",\"description\":\"\u2728 &iexcl;Descubr&iacute; lo que est&aacute; haciendo BOOM en todo el pa&iacute;s! \u2728\",\"publisher\":{\"@id\":\"https:\\\/\\\/www.ushgotdf.shop\\\/argentoboom\\\/#organization\"},\"potentialAction\":[{\"@type\":\"SearchAction\",\"target\":{\"@type\":\"EntryPoint\",\"urlTemplate\":\"https:\\\/\\\/www.ushgotdf.shop\\\/argentoboom\\\/?s={search_term_string}\"},\"query-input\":{\"@type\":\"PropertyValueSpecification\",\"valueRequired\":true,\"valueName\":\"search_term_string\"}}],\"inLanguage\":\"es\"},{\"@type\":\"Organization\",\"@id\":\"https:\\\/\\\/www.ushgotdf.shop\\\/argentoboom\\\/#organization\",\"name\":\"ArgentoBoom\",\"url\":\"https:\\\/\\\/www.ushgotdf.shop\\\/argentoboom\\\/\",\"logo\":{\"@type\":\"ImageObject\",\"inLanguage\":\"es\",\"@id\":\"https:\\\/\\\/www.ushgotdf.shop\\\/argentoboom\\\/#\\\/schema\\\/logo\\\/image\\\/\",\"url\":\"https:\\\/\\\/www.ushgotdf.shop\\\/argentoboom\\\/wp-content\\\/uploads\\\/2024\\\/10\\\/logo-redondo-arg-1-e1729264842347.jpg\",\"contentUrl\":\"https:\\\/\\\/www.ushgotdf.shop\\\/argentoboom\\\/wp-content\\\/uploads\\\/2024\\\/10\\\/logo-redondo-arg-1-e1729264842347.jpg\",\"width\":120,\"height\":120,\"caption\":\"ArgentoBoom\"},\"image\":{\"@id\":\"https:\\\/\\\/www.ushgotdf.shop\\\/argentoboom\\\/#\\\/schema\\\/logo\\\/image\\\/\"}}]}<\/script>\n<!-- \/ Yoast SEO plugin. -->","yoast_head_json":{"title":"Boom Belleza","description":"Descubre nuestra selecci\u00f3n de productos de belleza que te ayudar\u00e1n a realzar tu estilo \u00fanico. Desde maquillaje hasta cuidado de la piel, encontrar\u00e1s todo","robots":{"index":"index","follow":"follow","max-snippet":"max-snippet:-1","max-image-preview":"max-image-preview:large","max-video-preview":"max-video-preview:-1"},"canonical":"https:\/\/www.ushgotdf.shop\/argentoboom\/boom-belleza\/","og_locale":"es_ES","og_type":"article","og_title":"Boom Belleza","og_description":"Descubre nuestra selecci\u00f3n de productos de belleza que te ayudar\u00e1n a realzar tu estilo \u00fanico. Desde maquillaje hasta cuidado de la piel, encontrar\u00e1s todo","og_url":"https:\/\/www.ushgotdf.shop\/argentoboom\/boom-belleza\/","og_site_name":"ArgentoBoom","article_modified_time":"2024-10-20T14:47:26+00:00","og_image":[{"width":500,"height":399,"url":"https:\/\/www.ushgotdf.shop\/argentoboom\/wp-content\/uploads\/2024\/10\/belleza.jpg","type":"image\/jpeg"}],"twitter_card":"summary_large_image","twitter_misc":{"Tiempo de lectura":"1 minuto"},"schema":{"@context":"https:\/\/schema.org","@graph":[{"@type":"WebPage","@id":"https:\/\/www.ushgotdf.shop\/argentoboom\/boom-belleza\/","url":"https:\/\/www.ushgotdf.shop\/argentoboom\/boom-belleza\/","name":"Boom Belleza","isPartOf":{"@id":"https:\/\/www.ushgotdf.shop\/argentoboom\/#website"},"primaryImageOfPage":{"@id":"https:\/\/www.ushgotdf.shop\/argentoboom\/boom-belleza\/#primaryimage"},"image":{"@id":"https:\/\/www.ushgotdf.shop\/argentoboom\/boom-belleza\/#primaryimage"},"thumbnailUrl":"https:\/\/www.ushgotdf.shop\/argentoboom\/wp-content\/uploads\/2024\/10\/belleza.jpg","datePublished":"2024-10-17T19:03:30+00:00","dateModified":"2024-10-20T14:47:26+00:00","description":"Descubre nuestra selecci\u00f3n de productos de belleza que te ayudar\u00e1n a realzar tu estilo \u00fanico. Desde maquillaje hasta cuidado de la piel, encontrar\u00e1s todo","breadcrumb":{"@id":"https:\/\/www.ushgotdf.shop\/argentoboom\/boom-belleza\/#breadcrumb"},"inLanguage":"es","potentialAction":[{"@type":"ReadAction","target":["https:\/\/www.ushgotdf.shop\/argentoboom\/boom-belleza\/"]}]},{"@type":"ImageObject","inLanguage":"es","@id":"https:\/\/www.ushgotdf.shop\/argentoboom\/boom-belleza\/#primaryimage","url":"https:\/\/www.ushgotdf.shop\/argentoboom\/wp-content\/uploads\/2024\/10\/belleza.jpg","contentUrl":"https:\/\/www.ushgotdf.shop\/argentoboom\/wp-content\/uploads\/2024\/10\/belleza.jpg","width":500,"height":399},{"@type":"BreadcrumbList","@id":"https:\/\/www.ushgotdf.shop\/argentoboom\/boom-belleza\/#breadcrumb","itemListElement":[{"@type":"ListItem","position":1,"name":"Portada","item":"https:\/\/www.ushgotdf.shop\/argentoboom\/"},{"@type":"ListItem","position":2,"name":"Boom Belleza"}]},{"@type":"WebSite","@id":"https:\/\/www.ushgotdf.shop\/argentoboom\/#website","url":"https:\/\/www.ushgotdf.shop\/argentoboom\/","name":"ArgentoBoom","description":"\u2728 &iexcl;Descubr&iacute; lo que est&aacute; haciendo BOOM en todo el pa&iacute;s! \u2728","publisher":{"@id":"https:\/\/www.ushgotdf.shop\/argentoboom\/#organization"},"potentialAction":[{"@type":"SearchAction","target":{"@type":"EntryPoint","urlTemplate":"https:\/\/www.ushgotdf.shop\/argentoboom\/?s={search_term_string}"},"query-input":{"@type":"PropertyValueSpecification","valueRequired":true,"valueName":"search_term_string"}}],"inLanguage":"es"},{"@type":"Organization","@id":"https:\/\/www.ushgotdf.shop\/argentoboom\/#organization","name":"ArgentoBoom","url":"https:\/\/www.ushgotdf.shop\/argentoboom\/","logo":{"@type":"ImageObject","inLanguage":"es","@id":"https:\/\/www.ushgotdf.shop\/argentoboom\/#\/schema\/logo\/image\/","url":"https:\/\/www.ushgotdf.shop\/argentoboom\/wp-content\/uploads\/2024\/10\/logo-redondo-arg-1-e1729264842347.jpg","contentUrl":"https:\/\/www.ushgotdf.shop\/argentoboom\/wp-content\/uploads\/2024\/10\/logo-redondo-arg-1-e1729264842347.jpg","width":120,"height":120,"caption":"ArgentoBoom"},"image":{"@id":"https:\/\/www.ushgotdf.shop\/argentoboom\/#\/schema\/logo\/image\/"}}]}},"uagb_featured_image_src":{"full":["https:\/\/www.ushgotdf.shop\/argentoboom\/wp-content\/uploads\/2024\/10\/belleza.jpg",500,399,false],"thumbnail":["https:\/\/www.ushgotdf.shop\/argentoboom\/wp-content\/uploads\/2024\/10\/belleza-150x150.jpg",150,150,true],"medium":["https:\/\/www.ushgotdf.shop\/argentoboom\/wp-content\/uploads\/2024\/10\/belleza-300x239.jpg",300,239,true],"medium_large":["https:\/\/www.ushgotdf.shop\/argentoboom\/wp-content\/uploads\/2024\/10\/belleza.jpg",500,399,false],"large":["https:\/\/www.ushgotdf.shop\/argentoboom\/wp-content\/uploads\/2024\/10\/belleza.jpg",500,399,false],"1536x1536":["https:\/\/www.ushgotdf.shop\/argentoboom\/wp-content\/uploads\/2024\/10\/belleza.jpg",500,399,false],"2048x2048":["https:\/\/www.ushgotdf.shop\/argentoboom\/wp-content\/uploads\/2024\/10\/belleza.jpg",500,399,false],"woocommerce_archive_thumbnail":["https:\/\/www.ushgotdf.shop\/argentoboom\/wp-content\/uploads\/2024\/10\/belleza-300x300.jpg",300,300,true],"woocommerce_thumbnail":["https:\/\/www.ushgotdf.shop\/argentoboom\/wp-content\/uploads\/2024\/10\/belleza-300x300.jpg",300,300,true],"woocommerce_single":["https:\/\/www.ushgotdf.shop\/argentoboom\/wp-content\/uploads\/2024\/10\/belleza.jpg",500,399,false],"woocommerce_gallery_thumbnail":["https:\/\/www.ushgotdf.shop\/argentoboom\/wp-content\/uploads\/2024\/10\/belleza-100x100.jpg",100,100,true]},"uagb_author_info":{"display_name":"admin","author_link":"https:\/\/www.ushgotdf.shop\/argentoboom\/author\/admin\/"},"uagb_comment_info":0,"uagb_excerpt":"Descubre nuestra selecci\u00f3n de productos de belleza que te ayudar\u00e1n a realzar tu estilo \u00fanico. Desde maquillaje hasta cuidado de la piel, encontrar\u00e1s todo lo que necesitas para verte y sentirte incre\u00edble.","_links":{"self":[{"href":"https:\/\/www.ushgotdf.shop\/argentoboom\/wp-json\/wp\/v2\/pages\/43","targetHints":{"allow":["GET"]}}],"collection":[{"href":"https:\/\/www.ushgotdf.shop\/argentoboom\/wp-json\/wp\/v2\/pages"}],"about":[{"href":"https:\/\/www.ushgotdf.shop\/argentoboom\/wp-json\/wp\/v2\/types\/page"}],"author":[{"embeddable":true,"href":"https:\/\/www.ushgotdf.shop\/argentoboom\/wp-json\/wp\/v2\/users\/1"}],"replies":[{"embeddable":true,"href":"https:\/\/www.ushgotdf.shop\/argentoboom\/wp-json\/wp\/v2\/comments?post=43"}],"version-history":[{"count":2,"href":"https:\/\/www.ushgotdf.shop\/argentoboom\/wp-json\/wp\/v2\/pages\/43\/revisions"}],"predecessor-version":[{"id":278,"href":"https:\/\/www.ushgotdf.shop\/argentoboom\/wp-json\/wp\/v2\/pages\/43\/revisions\/278"}],"wp:featuredmedia":[{"embeddable":true,"href":"https:\/\/www.ushgotdf.shop\/argentoboom\/wp-json\/wp\/v2\/media\/110"}],"wp:attachment":[{"href":"https:\/\/www.ushgotdf.shop\/argentoboom\/wp-json\/wp\/v2\/media?parent=43"}],"curies":[{"name":"wp","href":"https:\/\/api.w.org\/{rel}","templated":true}]}}