{"id":258,"date":"2024-10-20T10:03:56","date_gmt":"2024-10-20T13:03:56","guid":{"rendered":"http:\/\/www.ushgotdf.shop\/argentoboom\/?post_type=product&#038;p=258"},"modified":"2025-09-08T16:59:21","modified_gmt":"2025-09-08T19:59:21","slug":"cubre-asiento-impermeable-para-mascotas","status":"publish","type":"product","link":"https:\/\/www.ushgotdf.shop\/argentoboom\/producto\/cubre-asiento-impermeable-para-mascotas\/","title":{"rendered":"Cubre Asiento Impermeable para Mascotas"},"content":{"rendered":"<p><strong>Protege tus asientos y viaja sin preocupaciones con nuestro Cubre Asiento Impermeable para Mascotas.<\/strong> Dise\u00f1ado especialmente para amantes de los animales, este cubre asiento es la soluci\u00f3n perfecta para mantener tu coche limpio y libre de pelos, manchas y olores. Su material impermeable y resistente garantiza la m\u00e1xima protecci\u00f3n contra l\u00edquidos y suciedad, mientras que su dise\u00f1o antideslizante asegura la comodidad y seguridad de tu mascota durante el trayecto.<\/p>\n<p>Con una f\u00e1cil instalaci\u00f3n y la posibilidad de lavarlo a m\u00e1quina, este accesorio se adapta a cualquier veh\u00edculo, haciendo que cada viaje sea una experiencia agradable tanto para ti como para tu peludo compa\u00f1ero. \u00a1Haz que cada aventura juntos sea memorable y sin complicaciones!<\/p>\n<p><strong>Compra ahora y transforma tus viajes con tu mascota en momentos agradables y limpios.<\/strong><\/p>\n","protected":false},"excerpt":{"rendered":"<p><strong>Cubre Asiento Impermeable para Mascotas:<\/strong> Protege tu coche de pelos y manchas con este pr\u00e1ctico cubre asiento. Su material impermeable y f\u00e1cil de limpiar lo convierte en el accesorio ideal para viajes c\u00f3modos y seguros con tu mascota. \u00a1Disfruta de aventuras sin preocupaciones!<\/p>\n","protected":false},"featured_media":259,"template":"","meta":{"_uag_custom_page_level_css":""},"product_brand":[],"product_cat":[15],"product_tag":[],"class_list":{"0":"post-258","1":"product","2":"type-product","3":"status-publish","4":"has-post-thumbnail","6":"product_cat-sin-categorizar","8":"first","9":"instock","10":"sale","11":"shipping-taxable","12":"purchasable","13":"product-type-simple"},"yoast_head":"<!-- This site is optimized with the Yoast SEO plugin v27.5 - https:\/\/yoast.com\/product\/yoast-seo-wordpress\/ -->\n<title>Cubre Asiento Impermeable para Mascotas - ArgentoBoom<\/title>\n<meta name=\"description\" content=\"Protege tus asientos con nuestro Cubre Asiento Impermeable para Mascotas. F\u00e1cil de instalar y lavar, \u00a1ideal para viajes c\u00f3modos y seguros con tu mascota!\" \/>\n<meta name=\"robots\" content=\"index, follow, max-snippet:-1, max-image-preview:large, max-video-preview:-1\" \/>\n<link rel=\"canonical\" href=\"https:\/\/www.ushgotdf.shop\/argentoboom\/producto\/cubre-asiento-impermeable-para-mascotas\/\" \/>\n<meta property=\"og:locale\" content=\"es_ES\" \/>\n<meta property=\"og:type\" content=\"article\" \/>\n<meta property=\"og:title\" content=\"Cubre Asiento Impermeable para Mascotas - ArgentoBoom\" \/>\n<meta property=\"og:description\" content=\"Protege tus asientos con nuestro Cubre Asiento Impermeable para Mascotas. F\u00e1cil de instalar y lavar, \u00a1ideal para viajes c\u00f3modos y seguros con tu mascota!\" \/>\n<meta property=\"og:url\" content=\"https:\/\/www.ushgotdf.shop\/argentoboom\/producto\/cubre-asiento-impermeable-para-mascotas\/\" \/>\n<meta property=\"og:site_name\" content=\"ArgentoBoom\" \/>\n<meta property=\"article:modified_time\" content=\"2025-09-08T19:59:21+00:00\" \/>\n<meta property=\"og:image\" content=\"https:\/\/www.ushgotdf.shop\/argentoboom\/wp-content\/uploads\/2024\/10\/g-funda_perro_2_-e1729429285635.png\" \/>\n\t<meta property=\"og:image:width\" content=\"300\" \/>\n\t<meta property=\"og:image:height\" content=\"300\" \/>\n\t<meta property=\"og:image:type\" content=\"image\/png\" \/>\n<meta name=\"twitter:card\" content=\"summary_large_image\" \/>\n<meta name=\"twitter:label1\" content=\"Tiempo de lectura\" \/>\n\t<meta name=\"twitter:data1\" content=\"1 minuto\" \/>\n<script type=\"application\/ld+json\" class=\"yoast-schema-graph\">{\"@context\":\"https:\\\/\\\/schema.org\",\"@graph\":[{\"@type\":\"WebPage\",\"@id\":\"https:\\\/\\\/www.ushgotdf.shop\\\/argentoboom\\\/producto\\\/cubre-asiento-impermeable-para-mascotas\\\/\",\"url\":\"https:\\\/\\\/www.ushgotdf.shop\\\/argentoboom\\\/producto\\\/cubre-asiento-impermeable-para-mascotas\\\/\",\"name\":\"Cubre Asiento Impermeable para Mascotas - ArgentoBoom\",\"isPartOf\":{\"@id\":\"https:\\\/\\\/www.ushgotdf.shop\\\/argentoboom\\\/#website\"},\"primaryImageOfPage\":{\"@id\":\"https:\\\/\\\/www.ushgotdf.shop\\\/argentoboom\\\/producto\\\/cubre-asiento-impermeable-para-mascotas\\\/#primaryimage\"},\"image\":{\"@id\":\"https:\\\/\\\/www.ushgotdf.shop\\\/argentoboom\\\/producto\\\/cubre-asiento-impermeable-para-mascotas\\\/#primaryimage\"},\"thumbnailUrl\":\"https:\\\/\\\/www.ushgotdf.shop\\\/argentoboom\\\/wp-content\\\/uploads\\\/2024\\\/10\\\/g-funda_perro_2_-e1729429285635.png\",\"datePublished\":\"2024-10-20T13:03:56+00:00\",\"dateModified\":\"2025-09-08T19:59:21+00:00\",\"description\":\"Protege tus asientos con nuestro Cubre Asiento Impermeable para Mascotas. F\u00e1cil de instalar y lavar, \u00a1ideal para viajes c\u00f3modos y seguros con tu mascota!\",\"breadcrumb\":{\"@id\":\"https:\\\/\\\/www.ushgotdf.shop\\\/argentoboom\\\/producto\\\/cubre-asiento-impermeable-para-mascotas\\\/#breadcrumb\"},\"inLanguage\":\"es\",\"potentialAction\":[{\"@type\":\"ReadAction\",\"target\":[\"https:\\\/\\\/www.ushgotdf.shop\\\/argentoboom\\\/producto\\\/cubre-asiento-impermeable-para-mascotas\\\/\"]}]},{\"@type\":\"ImageObject\",\"inLanguage\":\"es\",\"@id\":\"https:\\\/\\\/www.ushgotdf.shop\\\/argentoboom\\\/producto\\\/cubre-asiento-impermeable-para-mascotas\\\/#primaryimage\",\"url\":\"https:\\\/\\\/www.ushgotdf.shop\\\/argentoboom\\\/wp-content\\\/uploads\\\/2024\\\/10\\\/g-funda_perro_2_-e1729429285635.png\",\"contentUrl\":\"https:\\\/\\\/www.ushgotdf.shop\\\/argentoboom\\\/wp-content\\\/uploads\\\/2024\\\/10\\\/g-funda_perro_2_-e1729429285635.png\",\"width\":300,\"height\":300},{\"@type\":\"BreadcrumbList\",\"@id\":\"https:\\\/\\\/www.ushgotdf.shop\\\/argentoboom\\\/producto\\\/cubre-asiento-impermeable-para-mascotas\\\/#breadcrumb\",\"itemListElement\":[{\"@type\":\"ListItem\",\"position\":1,\"name\":\"Portada\",\"item\":\"https:\\\/\\\/www.ushgotdf.shop\\\/argentoboom\\\/\"},{\"@type\":\"ListItem\",\"position\":2,\"name\":\"Tienda\",\"item\":\"https:\\\/\\\/www.ushgotdf.shop\\\/argentoboom\\\/tienda\\\/\"},{\"@type\":\"ListItem\",\"position\":3,\"name\":\"Cubre Asiento Impermeable para Mascotas\"}]},{\"@type\":\"WebSite\",\"@id\":\"https:\\\/\\\/www.ushgotdf.shop\\\/argentoboom\\\/#website\",\"url\":\"https:\\\/\\\/www.ushgotdf.shop\\\/argentoboom\\\/\",\"name\":\"ArgentoBoom\",\"description\":\"\u2728 &iexcl;Descubr&iacute; lo que est&aacute; haciendo BOOM en todo el pa&iacute;s! \u2728\",\"publisher\":{\"@id\":\"https:\\\/\\\/www.ushgotdf.shop\\\/argentoboom\\\/#organization\"},\"potentialAction\":[{\"@type\":\"SearchAction\",\"target\":{\"@type\":\"EntryPoint\",\"urlTemplate\":\"https:\\\/\\\/www.ushgotdf.shop\\\/argentoboom\\\/?s={search_term_string}\"},\"query-input\":{\"@type\":\"PropertyValueSpecification\",\"valueRequired\":true,\"valueName\":\"search_term_string\"}}],\"inLanguage\":\"es\"},{\"@type\":\"Organization\",\"@id\":\"https:\\\/\\\/www.ushgotdf.shop\\\/argentoboom\\\/#organization\",\"name\":\"ArgentoBoom\",\"url\":\"https:\\\/\\\/www.ushgotdf.shop\\\/argentoboom\\\/\",\"logo\":{\"@type\":\"ImageObject\",\"inLanguage\":\"es\",\"@id\":\"https:\\\/\\\/www.ushgotdf.shop\\\/argentoboom\\\/#\\\/schema\\\/logo\\\/image\\\/\",\"url\":\"https:\\\/\\\/www.ushgotdf.shop\\\/argentoboom\\\/wp-content\\\/uploads\\\/2024\\\/10\\\/logo-redondo-arg-1-e1729264842347.jpg\",\"contentUrl\":\"https:\\\/\\\/www.ushgotdf.shop\\\/argentoboom\\\/wp-content\\\/uploads\\\/2024\\\/10\\\/logo-redondo-arg-1-e1729264842347.jpg\",\"width\":120,\"height\":120,\"caption\":\"ArgentoBoom\"},\"image\":{\"@id\":\"https:\\\/\\\/www.ushgotdf.shop\\\/argentoboom\\\/#\\\/schema\\\/logo\\\/image\\\/\"}}]}<\/script>\n<!-- \/ Yoast SEO plugin. -->","yoast_head_json":{"title":"Cubre Asiento Impermeable para Mascotas - ArgentoBoom","description":"Protege tus asientos con nuestro Cubre Asiento Impermeable para Mascotas. F\u00e1cil de instalar y lavar, \u00a1ideal para viajes c\u00f3modos y seguros con tu mascota!","robots":{"index":"index","follow":"follow","max-snippet":"max-snippet:-1","max-image-preview":"max-image-preview:large","max-video-preview":"max-video-preview:-1"},"canonical":"https:\/\/www.ushgotdf.shop\/argentoboom\/producto\/cubre-asiento-impermeable-para-mascotas\/","og_locale":"es_ES","og_type":"article","og_title":"Cubre Asiento Impermeable para Mascotas - ArgentoBoom","og_description":"Protege tus asientos con nuestro Cubre Asiento Impermeable para Mascotas. F\u00e1cil de instalar y lavar, \u00a1ideal para viajes c\u00f3modos y seguros con tu mascota!","og_url":"https:\/\/www.ushgotdf.shop\/argentoboom\/producto\/cubre-asiento-impermeable-para-mascotas\/","og_site_name":"ArgentoBoom","article_modified_time":"2025-09-08T19:59:21+00:00","og_image":[{"width":300,"height":300,"url":"https:\/\/www.ushgotdf.shop\/argentoboom\/wp-content\/uploads\/2024\/10\/g-funda_perro_2_-e1729429285635.png","type":"image\/png"}],"twitter_card":"summary_large_image","twitter_misc":{"Tiempo de lectura":"1 minuto"},"schema":{"@context":"https:\/\/schema.org","@graph":[{"@type":"WebPage","@id":"https:\/\/www.ushgotdf.shop\/argentoboom\/producto\/cubre-asiento-impermeable-para-mascotas\/","url":"https:\/\/www.ushgotdf.shop\/argentoboom\/producto\/cubre-asiento-impermeable-para-mascotas\/","name":"Cubre Asiento Impermeable para Mascotas - ArgentoBoom","isPartOf":{"@id":"https:\/\/www.ushgotdf.shop\/argentoboom\/#website"},"primaryImageOfPage":{"@id":"https:\/\/www.ushgotdf.shop\/argentoboom\/producto\/cubre-asiento-impermeable-para-mascotas\/#primaryimage"},"image":{"@id":"https:\/\/www.ushgotdf.shop\/argentoboom\/producto\/cubre-asiento-impermeable-para-mascotas\/#primaryimage"},"thumbnailUrl":"https:\/\/www.ushgotdf.shop\/argentoboom\/wp-content\/uploads\/2024\/10\/g-funda_perro_2_-e1729429285635.png","datePublished":"2024-10-20T13:03:56+00:00","dateModified":"2025-09-08T19:59:21+00:00","description":"Protege tus asientos con nuestro Cubre Asiento Impermeable para Mascotas. F\u00e1cil de instalar y lavar, \u00a1ideal para viajes c\u00f3modos y seguros con tu mascota!","breadcrumb":{"@id":"https:\/\/www.ushgotdf.shop\/argentoboom\/producto\/cubre-asiento-impermeable-para-mascotas\/#breadcrumb"},"inLanguage":"es","potentialAction":[{"@type":"ReadAction","target":["https:\/\/www.ushgotdf.shop\/argentoboom\/producto\/cubre-asiento-impermeable-para-mascotas\/"]}]},{"@type":"ImageObject","inLanguage":"es","@id":"https:\/\/www.ushgotdf.shop\/argentoboom\/producto\/cubre-asiento-impermeable-para-mascotas\/#primaryimage","url":"https:\/\/www.ushgotdf.shop\/argentoboom\/wp-content\/uploads\/2024\/10\/g-funda_perro_2_-e1729429285635.png","contentUrl":"https:\/\/www.ushgotdf.shop\/argentoboom\/wp-content\/uploads\/2024\/10\/g-funda_perro_2_-e1729429285635.png","width":300,"height":300},{"@type":"BreadcrumbList","@id":"https:\/\/www.ushgotdf.shop\/argentoboom\/producto\/cubre-asiento-impermeable-para-mascotas\/#breadcrumb","itemListElement":[{"@type":"ListItem","position":1,"name":"Portada","item":"https:\/\/www.ushgotdf.shop\/argentoboom\/"},{"@type":"ListItem","position":2,"name":"Tienda","item":"https:\/\/www.ushgotdf.shop\/argentoboom\/tienda\/"},{"@type":"ListItem","position":3,"name":"Cubre Asiento Impermeable para Mascotas"}]},{"@type":"WebSite","@id":"https:\/\/www.ushgotdf.shop\/argentoboom\/#website","url":"https:\/\/www.ushgotdf.shop\/argentoboom\/","name":"ArgentoBoom","description":"\u2728 &iexcl;Descubr&iacute; lo que est&aacute; haciendo BOOM en todo el pa&iacute;s! \u2728","publisher":{"@id":"https:\/\/www.ushgotdf.shop\/argentoboom\/#organization"},"potentialAction":[{"@type":"SearchAction","target":{"@type":"EntryPoint","urlTemplate":"https:\/\/www.ushgotdf.shop\/argentoboom\/?s={search_term_string}"},"query-input":{"@type":"PropertyValueSpecification","valueRequired":true,"valueName":"search_term_string"}}],"inLanguage":"es"},{"@type":"Organization","@id":"https:\/\/www.ushgotdf.shop\/argentoboom\/#organization","name":"ArgentoBoom","url":"https:\/\/www.ushgotdf.shop\/argentoboom\/","logo":{"@type":"ImageObject","inLanguage":"es","@id":"https:\/\/www.ushgotdf.shop\/argentoboom\/#\/schema\/logo\/image\/","url":"https:\/\/www.ushgotdf.shop\/argentoboom\/wp-content\/uploads\/2024\/10\/logo-redondo-arg-1-e1729264842347.jpg","contentUrl":"https:\/\/www.ushgotdf.shop\/argentoboom\/wp-content\/uploads\/2024\/10\/logo-redondo-arg-1-e1729264842347.jpg","width":120,"height":120,"caption":"ArgentoBoom"},"image":{"@id":"https:\/\/www.ushgotdf.shop\/argentoboom\/#\/schema\/logo\/image\/"}}]}},"uagb_featured_image_src":{"full":["https:\/\/www.ushgotdf.shop\/argentoboom\/wp-content\/uploads\/2024\/10\/g-funda_perro_2_-e1729429285635.png",300,300,false],"thumbnail":["https:\/\/www.ushgotdf.shop\/argentoboom\/wp-content\/uploads\/2024\/10\/g-funda_perro_2_-150x150.png",150,150,true],"medium":["https:\/\/www.ushgotdf.shop\/argentoboom\/wp-content\/uploads\/2024\/10\/g-funda_perro_2_-300x300.png",300,300,true],"medium_large":["https:\/\/www.ushgotdf.shop\/argentoboom\/wp-content\/uploads\/2024\/10\/g-funda_perro_2_-e1729429285635.png",300,300,false],"large":["https:\/\/www.ushgotdf.shop\/argentoboom\/wp-content\/uploads\/2024\/10\/g-funda_perro_2_-e1729429285635.png",300,300,false],"1536x1536":["https:\/\/www.ushgotdf.shop\/argentoboom\/wp-content\/uploads\/2024\/10\/g-funda_perro_2_-e1729429285635.png",300,300,false],"2048x2048":["https:\/\/www.ushgotdf.shop\/argentoboom\/wp-content\/uploads\/2024\/10\/g-funda_perro_2_-e1729429285635.png",300,300,false],"woocommerce_archive_thumbnail":["https:\/\/www.ushgotdf.shop\/argentoboom\/wp-content\/uploads\/2024\/10\/g-funda_perro_2_-300x300.png",300,300,true],"woocommerce_thumbnail":["https:\/\/www.ushgotdf.shop\/argentoboom\/wp-content\/uploads\/2024\/10\/g-funda_perro_2_-300x300.png",300,300,true],"woocommerce_single":["https:\/\/www.ushgotdf.shop\/argentoboom\/wp-content\/uploads\/2024\/10\/g-funda_perro_2_-600x600.png",600,600,true],"woocommerce_gallery_thumbnail":["https:\/\/www.ushgotdf.shop\/argentoboom\/wp-content\/uploads\/2024\/10\/g-funda_perro_2_-100x100.png",100,100,true]},"uagb_author_info":{"display_name":"admin","author_link":"https:\/\/www.ushgotdf.shop\/argentoboom\/author\/"},"uagb_comment_info":0,"uagb_excerpt":"Cubre Asiento Impermeable para Mascotas: Protege tu coche de pelos y manchas con este pr\u00e1ctico cubre asiento. Su material impermeable y f\u00e1cil de limpiar lo convierte en el accesorio ideal para viajes c\u00f3modos y seguros con tu mascota. \u00a1Disfruta de aventuras sin preocupaciones!","_links":{"self":[{"href":"https:\/\/www.ushgotdf.shop\/argentoboom\/wp-json\/wp\/v2\/product\/258","targetHints":{"allow":["GET"]}}],"collection":[{"href":"https:\/\/www.ushgotdf.shop\/argentoboom\/wp-json\/wp\/v2\/product"}],"about":[{"href":"https:\/\/www.ushgotdf.shop\/argentoboom\/wp-json\/wp\/v2\/types\/product"}],"wp:featuredmedia":[{"embeddable":true,"href":"https:\/\/www.ushgotdf.shop\/argentoboom\/wp-json\/wp\/v2\/media\/259"}],"wp:attachment":[{"href":"https:\/\/www.ushgotdf.shop\/argentoboom\/wp-json\/wp\/v2\/media?parent=258"}],"wp:term":[{"taxonomy":"product_brand","embeddable":true,"href":"https:\/\/www.ushgotdf.shop\/argentoboom\/wp-json\/wp\/v2\/product_brand?post=258"},{"taxonomy":"product_cat","embeddable":true,"href":"https:\/\/www.ushgotdf.shop\/argentoboom\/wp-json\/wp\/v2\/product_cat?post=258"},{"taxonomy":"product_tag","embeddable":true,"href":"https:\/\/www.ushgotdf.shop\/argentoboom\/wp-json\/wp\/v2\/product_tag?post=258"}],"curies":[{"name":"wp","href":"https:\/\/api.w.org\/{rel}","templated":true}]}}