{"id":887,"date":"2025-08-27T22:21:41","date_gmt":"2025-08-28T01:21:41","guid":{"rendered":"https:\/\/www.ushgotdf.shop\/argentoboom\/?post_type=product&#038;p=887"},"modified":"2025-09-07T21:49:10","modified_gmt":"2025-09-08T00:49:10","slug":"adidas-campus-total-blanco","status":"publish","type":"product","link":"https:\/\/www.ushgotdf.shop\/argentoboom\/producto\/adidas-campus-total-blanco\/","title":{"rendered":"Adidas Campus Total Blanco"},"content":{"rendered":"<p>Las <strong data-start=\"5516\" data-end=\"5544\">Adidas Total Blancas<\/strong> de Zapaclones ofrecen un dise\u00f1o minimalista y elegante que combina con cualquier look. Est\u00e1n fabricadas con materiales Premium y cuentan con doble cord\u00f3n para un mejor ajuste. Su suela acolchada asegura comodidad durante todo el d\u00eda, mientras que la caja y la bolsa anti polvo incluidas las mantienen siempre impecables. Vers\u00e1tiles, modernas y c\u00f3modas, son el calzado perfecto para quienes buscan estilo y practicidad en un mismo modelo.<\/p>\n","protected":false},"excerpt":{"rendered":"<p><strong data-start=\"6027\" data-end=\"6060\">Total Blancas \u2013 ZapaClones<\/strong><br data-start=\"6060\" data-end=\"6063\" \/>Dise\u00f1o minimalista, doble cord\u00f3n y comodidad Premium que combina con todo. \u00a1Un cl\u00e1sico que vuela de stock, no te quedes sin las tuyas!<\/p>\n","protected":false},"featured_media":892,"template":"","meta":{"_uag_custom_page_level_css":""},"product_brand":[],"product_cat":[15],"product_tag":[],"class_list":{"0":"post-887","1":"product","2":"type-product","3":"status-publish","4":"has-post-thumbnail","6":"product_cat-sin-categorizar","8":"first","9":"instock","10":"shipping-taxable","11":"purchasable","12":"product-type-variable"},"yoast_head":"<!-- This site is optimized with the Yoast SEO plugin v27.5 - https:\/\/yoast.com\/product\/yoast-seo-wordpress\/ -->\n<title>Adidas Campus Total Blanco - ArgentoBoom<\/title>\n<meta name=\"robots\" content=\"index, nofollow, max-snippet:-1, max-image-preview:large, max-video-preview:-1\" \/>\n<link rel=\"canonical\" href=\"https:\/\/www.ushgotdf.shop\/argentoboom\/producto\/adidas-campus-total-blanco\/\" \/>\n<meta property=\"og:locale\" content=\"es_ES\" \/>\n<meta property=\"og:type\" content=\"article\" \/>\n<meta property=\"og:title\" content=\"Adidas Campus Total Blanco - ArgentoBoom\" \/>\n<meta property=\"og:description\" content=\"Total Blancas \u2013 ZapaClonesDise\u00f1o minimalista, doble cord\u00f3n y comodidad Premium que combina con todo. \u00a1Un cl\u00e1sico que vuela de stock, no te quedes sin las tuyas!\" \/>\n<meta property=\"og:url\" content=\"https:\/\/www.ushgotdf.shop\/argentoboom\/producto\/adidas-campus-total-blanco\/\" \/>\n<meta property=\"og:site_name\" content=\"ArgentoBoom\" \/>\n<meta property=\"article:modified_time\" content=\"2025-09-08T00:49:10+00:00\" \/>\n<meta property=\"og:image\" content=\"https:\/\/www.ushgotdf.shop\/argentoboom\/wp-content\/uploads\/2025\/08\/539853133_1085885860343966_7663180625436497608_n-e1756344042385.jpg\" \/>\n\t<meta property=\"og:image:width\" content=\"1536\" \/>\n\t<meta property=\"og:image:height\" content=\"980\" \/>\n\t<meta property=\"og:image:type\" content=\"image\/jpeg\" \/>\n<meta name=\"twitter:card\" content=\"summary_large_image\" \/>\n<meta name=\"twitter:label1\" content=\"Tiempo de lectura\" \/>\n\t<meta name=\"twitter:data1\" content=\"1 minuto\" \/>\n<script type=\"application\/ld+json\" class=\"yoast-schema-graph\">{\"@context\":\"https:\\\/\\\/schema.org\",\"@graph\":[{\"@type\":\"WebPage\",\"@id\":\"https:\\\/\\\/www.ushgotdf.shop\\\/argentoboom\\\/producto\\\/adidas-campus-total-blanco\\\/\",\"url\":\"https:\\\/\\\/www.ushgotdf.shop\\\/argentoboom\\\/producto\\\/adidas-campus-total-blanco\\\/\",\"name\":\"Adidas Campus Total Blanco - ArgentoBoom\",\"isPartOf\":{\"@id\":\"https:\\\/\\\/www.ushgotdf.shop\\\/argentoboom\\\/#website\"},\"primaryImageOfPage\":{\"@id\":\"https:\\\/\\\/www.ushgotdf.shop\\\/argentoboom\\\/producto\\\/adidas-campus-total-blanco\\\/#primaryimage\"},\"image\":{\"@id\":\"https:\\\/\\\/www.ushgotdf.shop\\\/argentoboom\\\/producto\\\/adidas-campus-total-blanco\\\/#primaryimage\"},\"thumbnailUrl\":\"https:\\\/\\\/www.ushgotdf.shop\\\/argentoboom\\\/wp-content\\\/uploads\\\/2025\\\/08\\\/539853133_1085885860343966_7663180625436497608_n-e1756344042385.jpg\",\"datePublished\":\"2025-08-28T01:21:41+00:00\",\"dateModified\":\"2025-09-08T00:49:10+00:00\",\"breadcrumb\":{\"@id\":\"https:\\\/\\\/www.ushgotdf.shop\\\/argentoboom\\\/producto\\\/adidas-campus-total-blanco\\\/#breadcrumb\"},\"inLanguage\":\"es\",\"potentialAction\":[{\"@type\":\"ReadAction\",\"target\":[\"https:\\\/\\\/www.ushgotdf.shop\\\/argentoboom\\\/producto\\\/adidas-campus-total-blanco\\\/\"]}]},{\"@type\":\"ImageObject\",\"inLanguage\":\"es\",\"@id\":\"https:\\\/\\\/www.ushgotdf.shop\\\/argentoboom\\\/producto\\\/adidas-campus-total-blanco\\\/#primaryimage\",\"url\":\"https:\\\/\\\/www.ushgotdf.shop\\\/argentoboom\\\/wp-content\\\/uploads\\\/2025\\\/08\\\/539853133_1085885860343966_7663180625436497608_n-e1756344042385.jpg\",\"contentUrl\":\"https:\\\/\\\/www.ushgotdf.shop\\\/argentoboom\\\/wp-content\\\/uploads\\\/2025\\\/08\\\/539853133_1085885860343966_7663180625436497608_n-e1756344042385.jpg\",\"width\":1536,\"height\":980},{\"@type\":\"BreadcrumbList\",\"@id\":\"https:\\\/\\\/www.ushgotdf.shop\\\/argentoboom\\\/producto\\\/adidas-campus-total-blanco\\\/#breadcrumb\",\"itemListElement\":[{\"@type\":\"ListItem\",\"position\":1,\"name\":\"Portada\",\"item\":\"https:\\\/\\\/www.ushgotdf.shop\\\/argentoboom\\\/\"},{\"@type\":\"ListItem\",\"position\":2,\"name\":\"Tienda\",\"item\":\"https:\\\/\\\/www.ushgotdf.shop\\\/argentoboom\\\/tienda\\\/\"},{\"@type\":\"ListItem\",\"position\":3,\"name\":\"Adidas Campus Total Blanco\"}]},{\"@type\":\"WebSite\",\"@id\":\"https:\\\/\\\/www.ushgotdf.shop\\\/argentoboom\\\/#website\",\"url\":\"https:\\\/\\\/www.ushgotdf.shop\\\/argentoboom\\\/\",\"name\":\"ArgentoBoom\",\"description\":\"\u2728 &iexcl;Descubr&iacute; lo que est&aacute; haciendo BOOM en todo el pa&iacute;s! \u2728\",\"publisher\":{\"@id\":\"https:\\\/\\\/www.ushgotdf.shop\\\/argentoboom\\\/#organization\"},\"potentialAction\":[{\"@type\":\"SearchAction\",\"target\":{\"@type\":\"EntryPoint\",\"urlTemplate\":\"https:\\\/\\\/www.ushgotdf.shop\\\/argentoboom\\\/?s={search_term_string}\"},\"query-input\":{\"@type\":\"PropertyValueSpecification\",\"valueRequired\":true,\"valueName\":\"search_term_string\"}}],\"inLanguage\":\"es\"},{\"@type\":\"Organization\",\"@id\":\"https:\\\/\\\/www.ushgotdf.shop\\\/argentoboom\\\/#organization\",\"name\":\"ArgentoBoom\",\"url\":\"https:\\\/\\\/www.ushgotdf.shop\\\/argentoboom\\\/\",\"logo\":{\"@type\":\"ImageObject\",\"inLanguage\":\"es\",\"@id\":\"https:\\\/\\\/www.ushgotdf.shop\\\/argentoboom\\\/#\\\/schema\\\/logo\\\/image\\\/\",\"url\":\"https:\\\/\\\/www.ushgotdf.shop\\\/argentoboom\\\/wp-content\\\/uploads\\\/2024\\\/10\\\/logo-redondo-arg-1-e1729264842347.jpg\",\"contentUrl\":\"https:\\\/\\\/www.ushgotdf.shop\\\/argentoboom\\\/wp-content\\\/uploads\\\/2024\\\/10\\\/logo-redondo-arg-1-e1729264842347.jpg\",\"width\":120,\"height\":120,\"caption\":\"ArgentoBoom\"},\"image\":{\"@id\":\"https:\\\/\\\/www.ushgotdf.shop\\\/argentoboom\\\/#\\\/schema\\\/logo\\\/image\\\/\"}}]}<\/script>\n<!-- \/ Yoast SEO plugin. -->","yoast_head_json":{"title":"Adidas Campus Total Blanco - ArgentoBoom","robots":{"index":"index","follow":"nofollow","max-snippet":"max-snippet:-1","max-image-preview":"max-image-preview:large","max-video-preview":"max-video-preview:-1"},"canonical":"https:\/\/www.ushgotdf.shop\/argentoboom\/producto\/adidas-campus-total-blanco\/","og_locale":"es_ES","og_type":"article","og_title":"Adidas Campus Total Blanco - ArgentoBoom","og_description":"Total Blancas \u2013 ZapaClonesDise\u00f1o minimalista, doble cord\u00f3n y comodidad Premium que combina con todo. \u00a1Un cl\u00e1sico que vuela de stock, no te quedes sin las tuyas!","og_url":"https:\/\/www.ushgotdf.shop\/argentoboom\/producto\/adidas-campus-total-blanco\/","og_site_name":"ArgentoBoom","article_modified_time":"2025-09-08T00:49:10+00:00","og_image":[{"width":1536,"height":980,"url":"https:\/\/www.ushgotdf.shop\/argentoboom\/wp-content\/uploads\/2025\/08\/539853133_1085885860343966_7663180625436497608_n-e1756344042385.jpg","type":"image\/jpeg"}],"twitter_card":"summary_large_image","twitter_misc":{"Tiempo de lectura":"1 minuto"},"schema":{"@context":"https:\/\/schema.org","@graph":[{"@type":"WebPage","@id":"https:\/\/www.ushgotdf.shop\/argentoboom\/producto\/adidas-campus-total-blanco\/","url":"https:\/\/www.ushgotdf.shop\/argentoboom\/producto\/adidas-campus-total-blanco\/","name":"Adidas Campus Total Blanco - ArgentoBoom","isPartOf":{"@id":"https:\/\/www.ushgotdf.shop\/argentoboom\/#website"},"primaryImageOfPage":{"@id":"https:\/\/www.ushgotdf.shop\/argentoboom\/producto\/adidas-campus-total-blanco\/#primaryimage"},"image":{"@id":"https:\/\/www.ushgotdf.shop\/argentoboom\/producto\/adidas-campus-total-blanco\/#primaryimage"},"thumbnailUrl":"https:\/\/www.ushgotdf.shop\/argentoboom\/wp-content\/uploads\/2025\/08\/539853133_1085885860343966_7663180625436497608_n-e1756344042385.jpg","datePublished":"2025-08-28T01:21:41+00:00","dateModified":"2025-09-08T00:49:10+00:00","breadcrumb":{"@id":"https:\/\/www.ushgotdf.shop\/argentoboom\/producto\/adidas-campus-total-blanco\/#breadcrumb"},"inLanguage":"es","potentialAction":[{"@type":"ReadAction","target":["https:\/\/www.ushgotdf.shop\/argentoboom\/producto\/adidas-campus-total-blanco\/"]}]},{"@type":"ImageObject","inLanguage":"es","@id":"https:\/\/www.ushgotdf.shop\/argentoboom\/producto\/adidas-campus-total-blanco\/#primaryimage","url":"https:\/\/www.ushgotdf.shop\/argentoboom\/wp-content\/uploads\/2025\/08\/539853133_1085885860343966_7663180625436497608_n-e1756344042385.jpg","contentUrl":"https:\/\/www.ushgotdf.shop\/argentoboom\/wp-content\/uploads\/2025\/08\/539853133_1085885860343966_7663180625436497608_n-e1756344042385.jpg","width":1536,"height":980},{"@type":"BreadcrumbList","@id":"https:\/\/www.ushgotdf.shop\/argentoboom\/producto\/adidas-campus-total-blanco\/#breadcrumb","itemListElement":[{"@type":"ListItem","position":1,"name":"Portada","item":"https:\/\/www.ushgotdf.shop\/argentoboom\/"},{"@type":"ListItem","position":2,"name":"Tienda","item":"https:\/\/www.ushgotdf.shop\/argentoboom\/tienda\/"},{"@type":"ListItem","position":3,"name":"Adidas Campus Total Blanco"}]},{"@type":"WebSite","@id":"https:\/\/www.ushgotdf.shop\/argentoboom\/#website","url":"https:\/\/www.ushgotdf.shop\/argentoboom\/","name":"ArgentoBoom","description":"\u2728 &iexcl;Descubr&iacute; lo que est&aacute; haciendo BOOM en todo el pa&iacute;s! \u2728","publisher":{"@id":"https:\/\/www.ushgotdf.shop\/argentoboom\/#organization"},"potentialAction":[{"@type":"SearchAction","target":{"@type":"EntryPoint","urlTemplate":"https:\/\/www.ushgotdf.shop\/argentoboom\/?s={search_term_string}"},"query-input":{"@type":"PropertyValueSpecification","valueRequired":true,"valueName":"search_term_string"}}],"inLanguage":"es"},{"@type":"Organization","@id":"https:\/\/www.ushgotdf.shop\/argentoboom\/#organization","name":"ArgentoBoom","url":"https:\/\/www.ushgotdf.shop\/argentoboom\/","logo":{"@type":"ImageObject","inLanguage":"es","@id":"https:\/\/www.ushgotdf.shop\/argentoboom\/#\/schema\/logo\/image\/","url":"https:\/\/www.ushgotdf.shop\/argentoboom\/wp-content\/uploads\/2024\/10\/logo-redondo-arg-1-e1729264842347.jpg","contentUrl":"https:\/\/www.ushgotdf.shop\/argentoboom\/wp-content\/uploads\/2024\/10\/logo-redondo-arg-1-e1729264842347.jpg","width":120,"height":120,"caption":"ArgentoBoom"},"image":{"@id":"https:\/\/www.ushgotdf.shop\/argentoboom\/#\/schema\/logo\/image\/"}}]}},"uagb_featured_image_src":{"full":["https:\/\/www.ushgotdf.shop\/argentoboom\/wp-content\/uploads\/2025\/08\/539853133_1085885860343966_7663180625436497608_n-e1756344042385.jpg",1536,980,false],"thumbnail":["https:\/\/www.ushgotdf.shop\/argentoboom\/wp-content\/uploads\/2025\/08\/539853133_1085885860343966_7663180625436497608_n-e1756344042385-150x150.jpg",150,150,true],"medium":["https:\/\/www.ushgotdf.shop\/argentoboom\/wp-content\/uploads\/2025\/08\/539853133_1085885860343966_7663180625436497608_n-e1756344042385-300x191.jpg",300,191,true],"medium_large":["https:\/\/www.ushgotdf.shop\/argentoboom\/wp-content\/uploads\/2025\/08\/539853133_1085885860343966_7663180625436497608_n-e1756344042385-768x490.jpg",768,490,true],"large":["https:\/\/www.ushgotdf.shop\/argentoboom\/wp-content\/uploads\/2025\/08\/539853133_1085885860343966_7663180625436497608_n-e1756344042385-1024x653.jpg",1024,653,true],"1536x1536":["https:\/\/www.ushgotdf.shop\/argentoboom\/wp-content\/uploads\/2025\/08\/539853133_1085885860343966_7663180625436497608_n-1152x1536.jpg",1152,1536,true],"2048x2048":["https:\/\/www.ushgotdf.shop\/argentoboom\/wp-content\/uploads\/2025\/08\/539853133_1085885860343966_7663180625436497608_n-e1756344042385.jpg",1536,980,false],"woocommerce_archive_thumbnail":["https:\/\/www.ushgotdf.shop\/argentoboom\/wp-content\/uploads\/2025\/08\/539853133_1085885860343966_7663180625436497608_n-e1756344042385-300x300.jpg",300,300,true],"woocommerce_thumbnail":["https:\/\/www.ushgotdf.shop\/argentoboom\/wp-content\/uploads\/2025\/08\/539853133_1085885860343966_7663180625436497608_n-e1756344042385-300x300.jpg",300,300,true],"woocommerce_single":["https:\/\/www.ushgotdf.shop\/argentoboom\/wp-content\/uploads\/2025\/08\/539853133_1085885860343966_7663180625436497608_n-e1756344042385-600x383.jpg",600,383,true],"woocommerce_gallery_thumbnail":["https:\/\/www.ushgotdf.shop\/argentoboom\/wp-content\/uploads\/2025\/08\/539853133_1085885860343966_7663180625436497608_n-e1756344042385-100x100.jpg",100,100,true]},"uagb_author_info":{"display_name":"admin","author_link":"https:\/\/www.ushgotdf.shop\/argentoboom\/author\/"},"uagb_comment_info":0,"uagb_excerpt":"Total Blancas \u2013 ZapaClonesDise\u00f1o minimalista, doble cord\u00f3n y comodidad Premium que combina con todo. \u00a1Un cl\u00e1sico que vuela de stock, no te quedes sin las tuyas!","_links":{"self":[{"href":"https:\/\/www.ushgotdf.shop\/argentoboom\/wp-json\/wp\/v2\/product\/887","targetHints":{"allow":["GET"]}}],"collection":[{"href":"https:\/\/www.ushgotdf.shop\/argentoboom\/wp-json\/wp\/v2\/product"}],"about":[{"href":"https:\/\/www.ushgotdf.shop\/argentoboom\/wp-json\/wp\/v2\/types\/product"}],"wp:featuredmedia":[{"embeddable":true,"href":"https:\/\/www.ushgotdf.shop\/argentoboom\/wp-json\/wp\/v2\/media\/892"}],"wp:attachment":[{"href":"https:\/\/www.ushgotdf.shop\/argentoboom\/wp-json\/wp\/v2\/media?parent=887"}],"wp:term":[{"taxonomy":"product_brand","embeddable":true,"href":"https:\/\/www.ushgotdf.shop\/argentoboom\/wp-json\/wp\/v2\/product_brand?post=887"},{"taxonomy":"product_cat","embeddable":true,"href":"https:\/\/www.ushgotdf.shop\/argentoboom\/wp-json\/wp\/v2\/product_cat?post=887"},{"taxonomy":"product_tag","embeddable":true,"href":"https:\/\/www.ushgotdf.shop\/argentoboom\/wp-json\/wp\/v2\/product_tag?post=887"}],"curies":[{"name":"wp","href":"https:\/\/api.w.org\/{rel}","templated":true}]}}